 2 + 1 - o. Calculate the remainder when 1*2*d/(-32) is divided by 11.
5
Let y = -7 + 4. Let r = -108 - -119. What is the remainder when 31 is divided by r*(y + 0 + 4)?
9
Suppose -22*a + 7710 = 5906. Calculate the remainder when 216 is divided by a.
52
Suppose -2*x = c - 493, 12*c - 11*c + 5 = 0. Calculate the remainder when x is divided by 15.
9
Suppose 0 = -2*i - 0*i + 90. Let y = -4 + -44. Let v = i - y. What is the remainder when v is divided by 24?
21
Suppose 2*c - 2*l = 28, 7*c - 2*c - 3*l - 76 = 0. Suppose 10 = g + 4*v, 26 = 3*g - v - c. Calculate the remainder when ((-2)/(-6))/(25/3000) is divided by g.
12
Suppose -3*z - 897 = -l, 3*z + 2*z = l - 899. Calculate the remainder when (-1)/(-2 - l/(-448)) is divided by 25.
24
Suppose -5*g + 3*o = -63, -o + 5*o = -2*g + 46. Suppose -5*k - 210 = -2*k. Let l = 3 - k. What is the remainder when l is divided by g?
13
Let m(t) = -t - 15. Let w be m(-20). Suppose 0 = -35*f + 36*f + w. What is the remainder when 31 is divided by ((-176)/55)/(2/f)?
7
Suppose -5928 = 46*l + 30*l. Let c = 186 - 98. Let d = c + l. What is the remainder when 39 is divided by d?
9
Let o = -112 - -108. Let i be (-55)/o + (-25)/(-100). What is the remainder when 3 + i/((-52)/(-12) - 4) is divided by 23?
22
Let p(o) = -578*o + 4158. Calculate the remainder when p(4) is divided by 12.
10
What is the remainder when 642 is divided by (-154)/(-231) + (-2)/(-10) + 12460/75?
141
Suppose -1536*f - 21 = -1539*f, 4*f = -c + 102. What is the remainder when 507 is divided by c?
63
Suppose -19*v + 15*v + 16 = 0. Suppose -l + 121 = -5*s - 22, -4*l - v*s = -548. Calculate the remainder when l is divided by 49.
40
Let w = -187 - -189. Suppose -3*v = -o - 3, 5*o - 3*o - w = 2*v. What is the remainder when 14 is divided by v?
0
Let w be 99/22*188/3. Let m = w + -180. What is the remainder when m is divided by 23?
10
Let w = -2017 + 2052. Let u(x) = 3*x**2 + 7*x + 4. What is the remainder when u(-7) is divided by w?
32
Let l = -7064 - -7122. Calculate the remainder when 90 is divided by l.
32
Let r = 505 + -743. What is the remainder when (-50 - r)*(1 + 0) is divided by 59?
11
Suppose 0 = 14*c + 861 + 1939. Let f = 212 + c. Calculate the remainder when 32 is divided by f.
8
Let m = 134 - 198. Let z = m - -111. Suppose z = 7*w - 30. What is the remainder when 76 is divided by w?
10
Let v = -1922 + 2004. Calculate the remainder when v is divided by 21.
19
Let y(h) = -h**3 - 2*h + 308. Let g be y(0). Calculate the remainder when 9 is divided by g/70 - (-4)/(-10).
1
Let m(f) be the third derivative of -f**6/60 + 37*f**5/30 - 11*f**4/4 - 23*f**3/3 + 3*f**2. Calculate the remainder when m(36) is divided by (-2 - -1)*1*-43.
41
Let a(w) be the second derivative of w**5/20 - 2*w**3/3 + 17*w**2/2 - 133*w. What is the remainder when 256 is divided by a(4)?
61
Suppose -s + 34 = -2*j - 107, 2*j = 3*s - 403. What is the remainder when 1567 is divided by s?
126
Let l be 1/(-8)*-2 + (-16)/64. Suppose l*j + 24 = 8*j. Suppose 166 - 31 = j*u. What is the remainder when u is divided by 16?
13
Suppose -4*z + 45 = -99. Let i = 1345 + -2487. Calculate the remainder when i/(-8) + ((-45)/(-20) - 3) is divided by z.
34
Suppose -3*d + 18*w = 17*w - 28, -4 = -3*d - 5*w. What is the remainder when 521/3 + 4/(-6) is divided by d?
5
Suppose -2*s + 514 = 4*o, -3*s - 2*o - 137 = -928. Let f = 26534 - 26489. What is the remainder when s is divided by f?
42
Suppose 854*p = 1088*p - 457938. Calculate the remainder when p is divided by 324.
13
Let z be 4/18 - ((-8800)/18)/5. Let o = z + -12. What is the remainder when o is divided by 25?
11
Calculate the remainder when 326 is divided by -1 + (-340)/20 + 25.
4
Let z be (-6)/15 - (-1)/5*12. Suppose 89 = 2*i + 6*v - 9*v, 0 = z*i + 4*v - 110. What is the remainder when 391 is divided by i?
48
Let s be (5 - 5)*1/2. Let a be (s + 3)/((-6)/30). Let h = a + 37. What is the remainder when 63 is divided by h?
19
Suppose 15*j = 17*j - 3*p - 70, j - 24 = -4*p. Calculate the remainder when 66 is divided by j.
2
Suppose -2*r + 3 = 5*h, -r + 4*h - 1 - 4 = 0. Let l(n) = -2 + n - 81*n - 42*n. What is the remainder when l(r) is divided by 31?
27
Let o be -72 - 0/(3 + -2). What is the remainder when (o/20)/(1/(-20)) is divided by ((-2479)/518 + 6/21)*(-20)/6?
12
Let o be (-13702)/(-341) + 4/(-22). Calculate the remainder when 38 is divided by 33/6*o/110.
0
Let t = -5833 - -5858. Let n = 416 - 18. What is the remainder when n is divided by t?
23
Let g = 9 - -17. Let t = g - 2. Suppose 5*k - 519 = -17*k + 471. Calculate the remainder when k is divided by t.
21
Let o be (-11)/((-33)/(-2)) + 17635/15. Suppose -265 = -4*u + c + 688, -2*c + o = 5*u. Calculate the remainder when u is divided by 15.
12
Suppose 169*g = 171*g + 58. What is the remainder when 244 is divided by -1*g*(4 - 3) + 2?
27
Suppose 0*c + 147 = 7*c. Let f be c/(-14)*(-16)/(-3). Let o = f - -43. What is the remainder when o is divided by 13?
9
Suppose 0 = -661*y + 110*y - 19*y + 11970. Calculate the remainder when 62 is divided by y.
20
Let x(w) = -w**3 - 2*w**2 + 78*w + 26. What is the remainder when 91 is divided by x(-10)?
45
Let i(l) = -20*l**2 + 225*l + 16. What is the remainder when 225 is divided by i(11)?
12
Suppose -9338*n + 9365*n = 23004. Calculate the remainder when n is divided by 172.
164
Let y be 2/5 + 163/5. Suppose 0 = 5*p - 2*p - y. Calculate the remainder when 74 is divided by p.
8
Suppose -15*q = -6*w - 13*q + 2534, -5*w + 5*q = -2135. Calculate the remainder when w is divided by 231.
189
Suppose 261 + 175 = 12*u - 1016. What is the remainder when 390 is divided by u?
27
Suppose 0 = -3*k + 5*y + 7615, -5*k + y = 5091 - 17746. What is the remainder when k is divided by 1260?
10
Let o = 34422 - 34374. Let j(q) = 0 - 3*q - 2 - 2*q. What is the remainder when o is divided by j(-3)?
9
Suppose 3*d + 179 = -157. Let o(t) = -t - 145. Let w be o(-13). Let c = d - w. Calculate the remainder when 75 is divided by c.
15
Let t(j) = -j**3 - 3*j**2 - 6*j - 1. Suppose -14352*k + 14324*k + 2128 = 0. What is the remainder when k is divided by t(-4)?
37
Suppose -2*h = 8*z - 3*z - 364, 3*h - 525 = 3*z. What is the remainder when h is divided by 15?
12
Let n(y) = -188 - 87*y - 132*y + 275*y. Calculate the remainder when n(6) is divided by 30.
28
Let o = 526 + 135. Suppose 0 = 4*h + o - 1853. What is the remainder when h is divided by 12?
10
Suppose -3 = -6*m + 5*m. Calculate the remainder when 1420 is divided by m.
1
Suppose 225 = -12*y + 489. Let x(s) = 112*s**2 + s. Calculate the remainder when x(1) is divided by y.
3
Let o = 89 - 50. Let i be 1/2 + (-106)/(-4). Suppose 2*p = i + o. Calculate the remainder when p is divided by 18.
15
What is the remainder when (-2)/1 + 319 - -4 is divided by 43?
20
Let q = -609 + 897. Let m = q - 260. What is the remainder when m is divided by 5?
3
Suppose -4*h = -3*h. Let x = 1158 - 835. Suppose 4*p - x = -3*r, -5*p = -h*r + r - 390. Calculate the remainder when p is divided by 10.
7
Suppose 202 = -5*l + 1107. Let d = -418 - -464. What is the remainder when l is divided by d?
43
Suppose 31*g = -2*g - 1070 + 4667. Suppose -7*x + 2*x = -185. Calculate the remainder when g is divided by x.
35
Suppose 88*z - 50304 = -40*z. What is the remainder when z is divided by 25?
18
Suppose -10 - 40 = -5*l. Calculate the remainder when 27 is divided by (5*3)/(3/(l + -7)).
12
Suppose -i + 5*i = 20. Suppose -2*j + i*f + 22 = 2*j, -5*f + 10 = 0. Suppose j + 34 = 6*m. Calculate the remainder when 32 is divided by m.
4
What is the remainder when 0 - 6 - (-261 + 6 + -8) is divided by 92?
73
Suppose 4643 = 24*o + 2555. What is the remainder when 275 is divided by o?
14
Suppose 557*o = 1002*o - 472145. What is the remainder when o is divided by 15?
11
Let u(h) = h - 1. Let s(o) = 1. Let m(k) = -s(k) - u(k). What is the remainder when 214 is divided by m(-31)?
28
Suppose -3*j - 13 - 41 = -2*o, 0 = -3*o + 2*j + 81. Suppose -11*w - o = -236. Calculate the remainder when 700 is divided by w.
16
Suppose -3*t + 2*s + 5 = -95, -5*s + 65 = 3*t. Suppose -2*n - 3*n + 20 = 0, 0 = -r - 4*n + t. Calculate the remainder when 43 is divided by r.
1
Let j = 452 - 440. Let s = 114 + -79. Calculate the remainder when s is divided by -1*(-168)/15 + j/15.
11
Let l(h) = h**2 - 5*h + 1. Let